{"id":2262,"date":"2020-10-08T17:25:30","date_gmt":"2020-10-08T15:25:30","guid":{"rendered":"https:\/\/digitalgovernance.unipv.it\/?page_id=2262"},"modified":"2021-11-24T18:48:45","modified_gmt":"2021-11-24T17:48:45","slug":"programma-didattico","status":"publish","type":"page","link":"https:\/\/digitalgovernance.unipv.it\/edizione-1\/programma-didattico\/","title":{"rendered":"Programma didattico"},"content":{"rendered":"<p>[et_pb_section fb_built=&#8221;1&#8243; _builder_version=&#8221;4.6.5&#8243; _module_preset=&#8221;default&#8221; global_colors_info=&#8221;{}&#8221; theme_builder_area=&#8221;post_content&#8221;][et_pb_row _builder_version=&#8221;4.8.2&#8243; _module_preset=&#8221;83c8e53f-71b4-40df-b440-4330662531e6&#8243; global_colors_info=&#8221;{}&#8221; theme_builder_area=&#8221;post_content&#8221;][et_pb_column type=&#8221;4_4&#8243; _builder_version=&#8221;4.8.2&#8243; _module_preset=&#8221;default&#8221; global_colors_info=&#8221;{}&#8221; theme_builder_area=&#8221;post_content&#8221;][et_pb_text admin_label=&#8221;Text&#8221; _builder_version=&#8221;4.8.2&#8243; _module_preset=&#8221;75e6818d-2e33-4dee-83c5-634c0cb450f0&#8243; text_orientation=&#8221;justified&#8221; width=&#8221;100%&#8221; custom_margin=&#8221;||||false|false&#8221; locked=&#8221;off&#8221; global_colors_info=&#8221;{}&#8221; theme_builder_area=&#8221;post_content&#8221;]<\/p>\n<p>Le lezioni si terranno in presenza presso la Sede Centrale dell\u2019Universit\u00e0 di Pavia, corrente in Corso Strada Nuova 65. In ogni caso, pur privilegiando la fruizione in presenza, sar\u00e0 garantita la possibilit\u00e0 di fruizione a distanza tramite webinar interattivi per il caso di impossibilit\u00e0 di svolgimento o di spostamento legate all\u2019emergenza sanitaria. Le lezioni si svolgeranno nelle seguenti giornate:<\/p>\n<p>[\/et_pb_text][et_pb_text _builder_version=&#8221;4.8.2&#8243; _module_preset=&#8221;3e313291-a74e-4158-8fe9-8f91f5827e6a&#8221; global_colors_info=&#8221;{}&#8221; theme_builder_area=&#8221;post_content&#8221;]<\/p>\n<h2><strong>1st Module: Digital governance and Big Data<\/strong><\/h2>\n<blockquote>\n<p>Digital governance frameworks, strategies and processes<br \/>Big Data for business decisions<\/p>\n<\/blockquote>\n<h3>Venerd\u00ec 12 novembre 2021<\/h3>\n<ul>\n<li>ore 14.00 &#8211; 15.00: <em>Introduzione all\u2019International School in Digital Governance<\/em> \u2013 Prof. Alessandro Venturi<\/li>\n<li>ore 15.00 &#8211; 18.00:\u00a0 <em>Machine Learning-Based Approach: Global Trends, Research Directions, and Regulatory Standpoints <\/em>\u2013 Dott. Stefano Regondi \u2013 Dott. Raffaele Pugliese<\/li>\n<li>ore 18.00 \u2013 20.00: <em>Big data applicati per la gestione del rischio e lo sviluppo del mercato<\/em> \u2013 Dott. Giulio Natale<\/li>\n<\/ul>\n<h3>Sabato 13 novembre 2021<\/h3>\n<ul>\n<li>ore 10.00 \u2013 11.00: <em>Big Data is game changer for private sector<\/em>\u2013 Dott. Fabrizio Renzi<\/li>\n<li>ore 11.00 \u2013 12.00: <em>Big Data is game changer for private sector<\/em>\u2013 Dott. Manfo Zagmo<\/li>\n<li>ore 12.00 \u2013 13.00:\u00a0<em>Big Data is game changer for private sector<\/em> \u2013 Dott. Enrico Bagli<\/li>\n<li>ore 14.00 \u2013 17.00: <em>Valutazione, Analisi e Applicazione del Trattamento dati in contesti aziendali altamente complessi<\/em> \u2013 DPO Humanitas Dott. Simone Paolucci<\/li>\n<\/ul>\n<p>[\/et_pb_text][et_pb_text _builder_version=&#8221;4.8.2&#8243; _module_preset=&#8221;3e313291-a74e-4158-8fe9-8f91f5827e6a&#8221; global_colors_info=&#8221;{}&#8221; theme_builder_area=&#8221;post_content&#8221;]<\/p>\n<h2><strong>2nd Module: Information Security and Digital Transformation<\/strong><\/h2>\n<blockquote>\n<p>Cybersecurity and risk management<\/p>\n<p>Digital Business Transformation: building a business or organizational data infrastructure<\/p>\n<\/blockquote>\n<h3>Venerd\u00ec 19 novembre 2021<\/h3>\n<ul>\n<li>ore 14.00 \u2013 16.00: <em>Cybersecurity and risk management<\/em> \u2013 Dott.ssa Selene Giupponi<\/li>\n<li>ore 16.00 \u2013 18.00: <em>Building a data infrastructure<\/em> \u2013 Dott. Giuliano Tavaroli<\/li>\n<li>ore 18.00 &#8211; 20.00: <em>Digital Forensics<\/em> &#8211; Dott. Alessandro Rella<\/li>\n<\/ul>\n<h3>Sabato 20 novembre 2021<\/h3>\n<ul>\n<li>ore 10.00 \u2013 12.00: <em>Data Protection e Regolamento UE 16\/679<\/em> \u2013 Dott. Agostino Ghiglia \u2013 Collegio Autorit\u00e0 Garante della Protezione dei Dati Personali<\/li>\n<li>ore 14.00 \u2013 18.00: <em>Data is the new Oil<\/em> &#8211; Avv. Mauro Alovisio, Presidente CSIG Ivrea &#8211; Torino<\/li>\n<\/ul>\n<p>[\/et_pb_text][et_pb_text _builder_version=&#8221;4.8.2&#8243; _module_preset=&#8221;3e313291-a74e-4158-8fe9-8f91f5827e6a&#8221; global_colors_info=&#8221;{}&#8221; theme_builder_area=&#8221;post_content&#8221;]<\/p>\n<h2><strong>3rd Module: AI, Machine Learning and Predictive Analysis<\/strong><\/h2>\n<blockquote>\n<p>AI techniques and applications within companies and public administrations: organizational, technical and legal perspectives<\/p>\n<p>Machine Learning and Predictive Analysis techniques: implementation methods<\/p>\n<\/blockquote>\n<h3>Venerd\u00ec 26 novembre 2021<\/h3>\n<ul>\n<li>ore 14.00 \u2013 17.00: <em>Testimonianze della Fondazione Giannino Bassetti sulle applicazioni comparate dell&#8217;intelligenza artificiale<\/em> \u2013 Dott. Francesco Samor\u00e8<\/li>\n<li><em>ore 17.00 &#8211; 19.00: AI techniques and applications within companies and public administrations<\/em> \u2013 Prof.ssa Silvia Figini e Dott.ssa Chiara Bardelli<\/li>\n<li>ore 19.00 \u2013 20.00: <em>Intelligenza artificiale: applicazioni e risvolti<\/em> \u2013 Prof. Pietro Previtali<\/li>\n<\/ul>\n<h3>Sabato 27 novembre 2021<\/h3>\n<ul>\n<li>ore 10.00 \u2013 11.30: <em>Il perimetro della sicurezza cibernetica italiana e le sue applicazioni nel contesto pubblico<\/em> &#8211; Avv. Giovanna Boschetti<\/li>\n<li>ore 11:30\u201313:00: <em>Digital Governance e Modello 231<\/em> &#8211; Avv. Massimiliano Liss<\/li>\n<li>ore 14.00 \u2013 17.00: <em>Intelligenza artificiale: diritto e sicurezza <\/em>\u2013 Prof. Giovanni Ziccardi \u2013 Avv. Giuseppe Ricciardi<\/li>\n<\/ul>\n<p>[\/et_pb_text][et_pb_text _builder_version=&#8221;4.8.2&#8243; _module_preset=&#8221;default&#8221; global_colors_info=&#8221;{}&#8221; theme_builder_area=&#8221;post_content&#8221;]<\/p>\n<p>A fine programma i partecipanti che avranno seguito almeno il 70% delle lezioni riceveranno un attestato, previa elaborazione di un lavoro laboratoriale sui temi oggetto dell\u2019attivit\u00e0 di trasferimento tecnico-scientifico.<\/p>\n<p>[\/et_pb_text][\/et_pb_column][\/et_pb_row][\/et_pb_section][et_pb_section fb_built=&#8221;1&#8243; _builder_version=&#8221;4.8.2&#8243; _module_preset=&#8221;47561530-9d06-40f4-afa1-7c210916ceb9&#8243; global_colors_info=&#8221;{}&#8221; theme_builder_area=&#8221;post_content&#8221;][et_pb_row _builder_version=&#8221;4.8.2&#8243; _module_preset=&#8221;83c8e53f-71b4-40df-b440-4330662531e6&#8243; global_colors_info=&#8221;{}&#8221; theme_builder_area=&#8221;post_content&#8221;][et_pb_column type=&#8221;4_4&#8243; _builder_version=&#8221;4.8.2&#8243; _module_preset=&#8221;default&#8221; global_colors_info=&#8221;{}&#8221; theme_builder_area=&#8221;post_content&#8221;][et_pb_text _builder_version=&#8221;4.8.2&#8243; _module_preset=&#8221;default&#8221; global_colors_info=&#8221;{}&#8221; theme_builder_area=&#8221;post_content&#8221;]<\/p>\n<h1>Le noste aule didattiche<\/h1>\n<p>[\/et_pb_text][et_pb_tabs _builder_version=&#8221;4.10.7&#8243; _module_preset=&#8221;default&#8221; global_colors_info=&#8221;{}&#8221; theme_builder_area=&#8221;post_content&#8221;][et_pb_tab title=&#8221;Aula Volta&#8221; _builder_version=&#8221;4.8.2&#8243; _module_preset=&#8221;default&#8221; global_colors_info=&#8221;{}&#8221; theme_builder_area=&#8221;post_content&#8221;]<\/p>\n<div id=\"aula_volta\" class=\"row_digital\"><img decoding=\"async\" src=\"https:\/\/digitalgovernance.unipv.it\/wp-content\/uploads\/2021\/08\/Aula_volta1_universita_di_pavia.png\" \/><br \/> <img decoding=\"async\" src=\"https:\/\/digitalgovernance.unipv.it\/wp-content\/uploads\/2020\/10\/aula-volta.jpg\" \/><\/div>\n<p>Lo svolgimento di lezioni aperte al pubblico, nelle quali la teoria fosse accompagnata da esperimenti (i pi\u00f9 interessanti) era esplicitamente previsto nel piano di rinnovamento dell&#8217;Universit\u00e0 voluto da Maria Teresa.Per accogliere il folto pubblico che assisteva alle lezioni di Volta, Giuseppe II, nel 1785 ordinava la costruzione di una nuova aula per la Fisica da collocarsi nel lato est del Portico Teologico. I lavori vennero affidati all&#8217;architetto Leopoldo Pollack, che li concluse nel 1787. L&#8217;aula ripete lo schema del Teatro Olimpico del Palladio a Vicenza, con cui presenta analogie sia strutturali sia decorative. Anche il motivo delle nicchie con statue costituisce una chiara citazione di Palladio. Essendosi danneggiato l&#8217;originale soffitto piano, l&#8217;architetto Marchesi lo sostitu\u00ec, dopo il 1828, con l&#8217;attuale copertura a conchiglia.<\/p>\n<p>Dietro la cattedra \u00e8 collocato il\u00a0busto di Volta, opera dello scultore Giuseppe Comolli (XIX sec.). sul piedistallo \u00e8 incisa l&#8217;epigrafe dettata dall&#8217;abate Pietro Configliacchi. Sulla parete sopra la scultura sono raffigurati i pi\u00f9 importanti strumenti scientifici inventati da Volta. In particolare, sul lato sinistro, si vedono un elettroforo, una pistola a gas infiammabile, un eudiometro e un apparato per la misurazione della dilatazione isobara dei gas; sul lato destro, invece, una presentazione di alcuni esperimenti con le rane e una pila collegata con un elettroscopio condensatore.<\/p>\n<p>[\/et_pb_tab][et_pb_tab title=&#8221;Aula Scarpa&#8221; _builder_version=&#8221;4.10.7&#8243; _module_preset=&#8221;default&#8221; global_colors_info=&#8221;{}&#8221; theme_builder_area=&#8221;post_content&#8221;]<\/p>\n<div id=\"aula_volta\" class=\"row_digital\"><img decoding=\"async\" src=\"https:\/\/digitalgovernance.unipv.it\/wp-content\/uploads\/2021\/11\/Aula_Scarpa_1.png\" alt=\"\" \/><br \/><img decoding=\"async\" src=\"https:\/\/digitalgovernance.unipv.it\/wp-content\/uploads\/2021\/11\/Aula_Scarpa_2.jpg\" alt=\"\" \/><\/div>\n<p>L\u2019universit\u00e0 disponeva, fin dal XVI secolo, di un teatro anatomico, tuttavia, con l\u2019arrivo di Antonio Scarpa nel 1783, che intendeva trasformare la scuola anatomica pavese in una delle migliori d\u2019Europa, si rese necessario la creazione di un nuovo teatro, pi\u00f9 adatto alle nuove impostazioni della ricerca e della didattica.<\/p>\n<p>Il progetto del teatro anatomico fu inizialmente affidato a Giuseppe Piermarini, ma l\u2019elaborato proposto non piacque n\u00e9 all\u2019imperatore Giuseppe II, che finanziava l\u2019opera, n\u00e9 ai professori dell\u2019universit\u00e0 e quindi fu incaricato Leopoldo Pollack, che si avvalse della consulenza di Antonio Scarpa, di predisporre un nuovo progetto che doveva assomigliare, secondo l\u2019indicazione del cancelliere Wenzel Anton von Kaunitz-Rietberg, al teatro anatomico da poco realizzato nella Scuola Chirurgica Militare di Vienna, diretta dal pavese Giovanni Alessandro Brambilla.<\/p>\n<p>I lavori iniziarono nel 1785 e l\u2019aula fu terminata nel 1786. Attualmente l\u2019aula \u00e8 usata per convegni e congressi.<\/p>\n<p>[\/et_pb_tab][\/et_pb_tabs][\/et_pb_column][\/et_pb_row][\/et_pb_section]<\/p>\n","protected":false},"excerpt":{"rendered":"<p>Le lezioni si terranno in presenza presso la Sede Centrale dell\u2019Universit\u00e0 di Pavia, corrente in Corso Strada Nuova 65. In ogni caso, pur privilegiando la fruizione in presenza, sar\u00e0 garantita la possibilit\u00e0 di fruizione a distanza tramite webinar interattivi per il caso di impossibilit\u00e0 di svolgimento o di spostamento legate all\u2019emergenza sanitaria. Le lezioni si [&hellip;]<\/p>\n","protected":false},"author":1,"featured_media":0,"parent":0,"menu_order":0,"comment_status":"closed","ping_status":"closed","template":"","meta":{"_et_pb_use_builder":"on","_et_pb_old_content":"","_et_gb_content_width":"","_mc_calendar":[],"footnotes":""},"class_list":["post-2262","page","type-page","status-publish","hentry"],"_links":{"self":[{"href":"https:\/\/digitalgovernance.unipv.it\/edizione-1\/wp-json\/wp\/v2\/pages\/2262"}],"collection":[{"href":"https:\/\/digitalgovernance.unipv.it\/edizione-1\/wp-json\/wp\/v2\/pages"}],"about":[{"href":"https:\/\/digitalgovernance.unipv.it\/edizione-1\/wp-json\/wp\/v2\/types\/page"}],"author":[{"embeddable":true,"href":"https:\/\/digitalgovernance.unipv.it\/edizione-1\/wp-json\/wp\/v2\/users\/1"}],"replies":[{"embeddable":true,"href":"https:\/\/digitalgovernance.unipv.it\/edizione-1\/wp-json\/wp\/v2\/comments?post=2262"}],"version-history":[{"count":51,"href":"https:\/\/digitalgovernance.unipv.it\/edizione-1\/wp-json\/wp\/v2\/pages\/2262\/revisions"}],"predecessor-version":[{"id":3453,"href":"https:\/\/digitalgovernance.unipv.it\/edizione-1\/wp-json\/wp\/v2\/pages\/2262\/revisions\/3453"}],"wp:attachment":[{"href":"https:\/\/digitalgovernance.unipv.it\/edizione-1\/wp-json\/wp\/v2\/media?parent=2262"}],"curies":[{"name":"wp","href":"https:\/\/api.w.org\/{rel}","templated":true}]}}

<p>[et_pb_section fb_built=&#8221;1&#8243; _builder_version=&#8221;4.6.5&#8243; _module_preset=&#8221;default&#8221; global_colors_info=&#8221;{}&#8221; theme_builder_area=&#8221;post_content&#8221;][et_pb_row _builder_version=&#8221;4.8.2&#8243; _module_preset=&#8221;83c8e53f-71b4-40df-b440-4330662531e6&#8243; global_colors_info=&#8221;{}&#8221; theme_builder_area=&#8221;post_content&#8221;][et_pb_column type=&#8221;4_4&#8243; _builder_version=&#8221;4.8.2&#8243; _module_preset=&#8221;default&#8221; global_colors_info=&#8221;{}&#8221; theme_builder_area=&#8221;post_content&#8221;][et_pb_text admin_label=&#8221;Text&#8221; _builder_version=&#8221;4.8.2&#8243; _module_preset=&#8221;75e6818d-2e33-4dee-83c5-634c0cb450f0&#8243; text_orientation=&#8221;justified&#8221; width=&#8221;100%&#8221; custom_margin=&#8221;||||false|false&#8221; locked=&#8221;off&#8221; global_colors_info=&#8221;{}&#8221; theme_builder_area=&#8221;post_content&#8221;]</p>
<p>Le lezioni si terranno in presenza presso la Sede Centrale dell’Università di Pavia, corrente in Corso Strada Nuova 65. In ogni caso, pur privilegiando la fruizione in presenza, sarà garantita la possibilità di fruizione a distanza tramite webinar interattivi per il caso di impossibilità di svolgimento o di spostamento legate all’emergenza sanitaria. Le lezioni si svolgeranno nelle seguenti giornate:</p>
<p>[/et_pb_text][et_pb_text _builder_version=&#8221;4.8.2&#8243; _module_preset=&#8221;3e313291-a74e-4158-8fe9-8f91f5827e6a&#8221; global_colors_info=&#8221;{}&#8221; theme_builder_area=&#8221;post_content&#8221;]</p>
<h2><strong>1st Module: Digital governance and Big Data</strong></h2>
<blockquote>
<p>Digital governance frameworks, strategies and processes<br />Big Data for business decisions</p>
</blockquote>
<h3>Venerdì 12 novembre 2021</h3>
<ul>
<li>ore 14.00 &#8211; 15.00: <em>Introduzione all’International School in Digital Governance</em> – Prof. Alessandro Venturi</li>
<li>ore 15.00 &#8211; 18.00:  <em>Machine Learning-Based Approach: Global Trends, Research Directions, and Regulatory Standpoints </em>– Dott. Stefano Regondi – Dott. Raffaele Pugliese</li>
<li>ore 18.00 – 20.00: <em>Big data applicati per la gestione del rischio e lo sviluppo del mercato</em> – Dott. Giulio Natale</li>
</ul>
<h3>Sabato 13 novembre 2021</h3>
<ul>
<li>ore 10.00 – 11.00: <em>Big Data is game changer for private sector</em>– Dott. Fabrizio Renzi</li>
<li>ore 11.00 – 12.00: <em>Big Data is game changer for private sector</em>– Dott. Manfo Zagmo</li>
<li>ore 12.00 – 13.00: <em>Big Data is game changer for private sector</em> – Dott. Enrico Bagli</li>
<li>ore 14.00 – 17.00: <em>Valutazione, Analisi e Applicazione del Trattamento dati in contesti aziendali altamente complessi</em> – DPO Humanitas Dott. Simone Paolucci</li>
</ul>
<p>[/et_pb_text][et_pb_text _builder_version=&#8221;4.8.2&#8243; _module_preset=&#8221;3e313291-a74e-4158-8fe9-8f91f5827e6a&#8221; global_colors_info=&#8221;{}&#8221; theme_builder_area=&#8221;post_content&#8221;]</p>
<h2><strong>2nd Module: Information Security and Digital Transformation</strong></h2>
<blockquote>
<p>Cybersecurity and risk management</p>
<p>Digital Business Transformation: building a business or organizational data infrastructure</p>
</blockquote>
<h3>Venerdì 19 novembre 2021</h3>
<ul>
<li>ore 14.00 – 16.00: <em>Cybersecurity and risk management</em> – Dott.ssa Selene Giupponi</li>
<li>ore 16.00 – 18.00: <em>Building a data infrastructure</em> – Dott. Giuliano Tavaroli</li>
<li>ore 18.00 &#8211; 20.00: <em>Digital Forensics</em> &#8211; Dott. Alessandro Rella</li>
</ul>
<h3>Sabato 20 novembre 2021</h3>
<ul>
<li>ore 10.00 – 12.00: <em>Data Protection e Regolamento UE 16/679</em> – Dott. Agostino Ghiglia – Collegio Autorità Garante della Protezione dei Dati Personali</li>
<li>ore 14.00 – 18.00: <em>Data is the new Oil</em> &#8211; Avv. Mauro Alovisio, Presidente CSIG Ivrea &#8211; Torino</li>
</ul>
<p>[/et_pb_text][et_pb_text _builder_version=&#8221;4.8.2&#8243; _module_preset=&#8221;3e313291-a74e-4158-8fe9-8f91f5827e6a&#8221; global_colors_info=&#8221;{}&#8221; theme_builder_area=&#8221;post_content&#8221;]</p>
<h2><strong>3rd Module: AI, Machine Learning and Predictive Analysis</strong></h2>
<blockquote>
<p>AI techniques and applications within companies and public administrations: organizational, technical and legal perspectives</p>
<p>Machine Learning and Predictive Analysis techniques: implementation methods</p>
</blockquote>
<h3>Venerdì 26 novembre 2021</h3>
<ul>
<li>ore 14.00 – 17.00: <em>Testimonianze della Fondazione Giannino Bassetti sulle applicazioni comparate dell&#8217;intelligenza artificiale</em> – Dott. Francesco Samorè</li>
<li><em>ore 17.00 &#8211; 19.00: AI techniques and applications within companies and public administrations</em> – Prof.ssa Silvia Figini e Dott.ssa Chiara Bardelli</li>
<li>ore 19.00 – 20.00: <em>Intelligenza artificiale: applicazioni e risvolti</em> – Prof. Pietro Previtali</li>
</ul>
<h3>Sabato 27 novembre 2021</h3>
<ul>
<li>ore 10.00 – 11.30: <em>Il perimetro della sicurezza cibernetica italiana e le sue applicazioni nel contesto pubblico</em> &#8211; Avv. Giovanna Boschetti</li>
<li>ore 11:30–13:00: <em>Digital Governance e Modello 231</em> &#8211; Avv. Massimiliano Liss</li>
<li>ore 14.00 – 17.00: <em>Intelligenza artificiale: diritto e sicurezza </em>– Prof. Giovanni Ziccardi – Avv. Giuseppe Ricciardi</li>
</ul>
<p>[/et_pb_text][et_pb_text _builder_version=&#8221;4.8.2&#8243; _module_preset=&#8221;default&#8221; global_colors_info=&#8221;{}&#8221; theme_builder_area=&#8221;post_content&#8221;]</p>
<p>A fine programma i partecipanti che avranno seguito almeno il 70% delle lezioni riceveranno un attestato, previa elaborazione di un lavoro laboratoriale sui temi oggetto dell’attività di trasferimento tecnico-scientifico.</p>
<p>[/et_pb_text][/et_pb_column][/et_pb_row][/et_pb_section][et_pb_section fb_built=&#8221;1&#8243; _builder_version=&#8221;4.8.2&#8243; _module_preset=&#8221;47561530-9d06-40f4-afa1-7c210916ceb9&#8243; global_colors_info=&#8221;{}&#8221; theme_builder_area=&#8221;post_content&#8221;][et_pb_row _builder_version=&#8221;4.8.2&#8243; _module_preset=&#8221;83c8e53f-71b4-40df-b440-4330662531e6&#8243; global_colors_info=&#8221;{}&#8221; theme_builder_area=&#8221;post_content&#8221;][et_pb_column type=&#8221;4_4&#8243; _builder_version=&#8221;4.8.2&#8243; _module_preset=&#8221;default&#8221; global_colors_info=&#8221;{}&#8221; theme_builder_area=&#8221;post_content&#8221;][et_pb_text _builder_version=&#8221;4.8.2&#8243; _module_preset=&#8221;default&#8221; global_colors_info=&#8221;{}&#8221; theme_builder_area=&#8221;post_content&#8221;]</p>
<h1>Le noste aule didattiche</h1>
<p>[/et_pb_text][et_pb_tabs _builder_version=&#8221;4.10.7&#8243; _module_preset=&#8221;default&#8221; global_colors_info=&#8221;{}&#8221; theme_builder_area=&#8221;post_content&#8221;][et_pb_tab title=&#8221;Aula Volta&#8221; _builder_version=&#8221;4.8.2&#8243; _module_preset=&#8221;default&#8221; global_colors_info=&#8221;{}&#8221; theme_builder_area=&#8221;post_content&#8221;]</p>
<div id="aula_volta" class="row_digital"><img decoding="async" src="https://digitalgovernance.unipv.it/wp-content/uploads/2021/08/Aula_volta1_universita_di_pavia.png" /><br /> <img decoding="async" src="https://digitalgovernance.unipv.it/wp-content/uploads/2020/10/aula-volta.jpg" /></div>
<p>Lo svolgimento di lezioni aperte al pubblico, nelle quali la teoria fosse accompagnata da esperimenti (i più interessanti) era esplicitamente previsto nel piano di rinnovamento dell&#8217;Università voluto da Maria Teresa.Per accogliere il folto pubblico che assisteva alle lezioni di Volta, Giuseppe II, nel 1785 ordinava la costruzione di una nuova aula per la Fisica da collocarsi nel lato est del Portico Teologico. I lavori vennero affidati all&#8217;architetto Leopoldo Pollack, che li concluse nel 1787. L&#8217;aula ripete lo schema del Teatro Olimpico del Palladio a Vicenza, con cui presenta analogie sia strutturali sia decorative. Anche il motivo delle nicchie con statue costituisce una chiara citazione di Palladio. Essendosi danneggiato l&#8217;originale soffitto piano, l&#8217;architetto Marchesi lo sostituì, dopo il 1828, con l&#8217;attuale copertura a conchiglia.</p>
<p>Dietro la cattedra è collocato il busto di Volta, opera dello scultore Giuseppe Comolli (XIX sec.). sul piedistallo è incisa l&#8217;epigrafe dettata dall&#8217;abate Pietro Configliacchi. Sulla parete sopra la scultura sono raffigurati i più importanti strumenti scientifici inventati da Volta. In particolare, sul lato sinistro, si vedono un elettroforo, una pistola a gas infiammabile, un eudiometro e un apparato per la misurazione della dilatazione isobara dei gas; sul lato destro, invece, una presentazione di alcuni esperimenti con le rane e una pila collegata con un elettroscopio condensatore.</p>
<p>[/et_pb_tab][et_pb_tab title=&#8221;Aula Scarpa&#8221; _builder_version=&#8221;4.10.7&#8243; _module_preset=&#8221;default&#8221; global_colors_info=&#8221;{}&#8221; theme_builder_area=&#8221;post_content&#8221;]</p>
<div id="aula_volta" class="row_digital"><img decoding="async" src="https://digitalgovernance.unipv.it/wp-content/uploads/2021/11/Aula_Scarpa_1.png" alt="" /><br /><img decoding="async" src="https://digitalgovernance.unipv.it/wp-content/uploads/2021/11/Aula_Scarpa_2.jpg" alt="" /></div>
<p>L’università disponeva, fin dal XVI secolo, di un teatro anatomico, tuttavia, con l’arrivo di Antonio Scarpa nel 1783, che intendeva trasformare la scuola anatomica pavese in una delle migliori d’Europa, si rese necessario la creazione di un nuovo teatro, più adatto alle nuove impostazioni della ricerca e della didattica.</p>
<p>Il progetto del teatro anatomico fu inizialmente affidato a Giuseppe Piermarini, ma l’elaborato proposto non piacque né all’imperatore Giuseppe II, che finanziava l’opera, né ai professori dell’università e quindi fu incaricato Leopoldo Pollack, che si avvalse della consulenza di Antonio Scarpa, di predisporre un nuovo progetto che doveva assomigliare, secondo l’indicazione del cancelliere Wenzel Anton von Kaunitz-Rietberg, al teatro anatomico da poco realizzato nella Scuola Chirurgica Militare di Vienna, diretta dal pavese Giovanni Alessandro Brambilla.</p>
<p>I lavori iniziarono nel 1785 e l’aula fu terminata nel 1786. Attualmente l’aula è usata per convegni e congressi.</p>
<p>[/et_pb_tab][/et_pb_tabs][/et_pb_column][/et_pb_row][/et_pb_section]</p>

<p>Le lezioni si terranno in presenza presso la Sede Centrale dell’Università di Pavia, corrente in Corso Strada Nuova 65. In ogni caso, pur privilegiando la fruizione in presenza, sarà garantita la possibilità di fruizione a distanza tramite webinar interattivi per il caso di impossibilità di svolgimento o di spostamento legate all’emergenza sanitaria. Le lezioni si [&hellip;]</p>
