{"id":32,"date":"2020-07-15T12:23:49","date_gmt":"2020-07-15T10:23:49","guid":{"rendered":"https:\/\/digitalgovernance.unipv.it\/edizione-2\/?page_id=32"},"modified":"2023-03-09T12:03:30","modified_gmt":"2023-03-09T11:03:30","slug":"homepage","status":"publish","type":"page","link":"https:\/\/digitalgovernance.unipv.it\/edizione-2\/","title":{"rendered":"Homepage"},"content":{"rendered":"<p>[et_pb_section fb_built=&#8221;1&#8243; _builder_version=&#8221;4.19.4&#8243; _module_preset=&#8221;default&#8221; collapsed=&#8221;off&#8221; global_colors_info=&#8221;{}&#8221;][et_pb_row _builder_version=&#8221;4.19.4&#8243; _module_preset=&#8221;default&#8221; custom_margin=&#8221;1%||1%||true|false&#8221; global_colors_info=&#8221;{}&#8221; custom_padding__hover_enabled=&#8221;off|desktop&#8221;][et_pb_column type=&#8221;4_4&#8243; _builder_version=&#8221;4.19.4&#8243; _module_preset=&#8221;default&#8221; global_colors_info=&#8221;{}&#8221;][df_adh_heading title_infix=&#8221;Notizie&#8221; _builder_version=&#8221;4.19.4&#8243; _dynamic_attributes=&#8221;link_option_url&#8221; _module_preset=&#8221;default&#8221; title_level=&#8221;h2&#8243; title_font=&#8221;|600|||on||||&#8221; title_text_color=&#8221;#0059B3&#8243; title_font_size=&#8221;1.3em&#8221; custom_margin=&#8221;||0px||false|false&#8221; link_option_url=&#8221;@ET-DC@eyJkeW5hbWljIjp0cnVlLCJjb250ZW50IjoicG9zdF9saW5rX3VybF9wYWdlIiwic2V0dGluZ3MiOnsicG9zdF9pZCI6IjI3NTYifX0=@&#8221; global_colors_info=&#8221;{}&#8221;][\/df_adh_heading][difl_postgrid posts_number=&#8221;9&#8243; post_display=&#8221;by_category&#8221; include_categories=&#8221;1&#8243; equal_height=&#8221;on&#8221; column_tablet=&#8221;2&#8243; column_phone=&#8221;1&#8243; column_last_edited=&#8221;on|phone&#8221; _builder_version=&#8221;4.19.4&#8243; _module_preset=&#8221;default&#8221; border_width_right_item_outer=&#8221;1px&#8221; border_color_right_item_outer=&#8221;rgba(0,38,77,0.1)&#8221; global_colors_info=&#8221;{}&#8221;][difl_postitem type=&#8221;title&#8221; title_tag=&#8221;h3&#8243; element_margin=&#8221;||0px||false|false&#8221; element_padding=&#8221;1em||0.5em||false|false&#8221; _builder_version=&#8221;4.19.4&#8243; _module_preset=&#8221;default&#8221; post_font_style_font_size=&#8221;1.2em&#8221; post_font_style_line_height=&#8221;1em&#8221; global_colors_info=&#8221;{}&#8221;][\/difl_postitem][difl_postitem type=&#8221;date&#8221; date_format=&#8221;d\/m\/Y&#8221; _builder_version=&#8221;4.19.4&#8243; _module_preset=&#8221;default&#8221; post_font_style_text_color=&#8221;#666666&#8243; global_colors_info=&#8221;{}&#8221;][\/difl_postitem][difl_postitem type=&#8221;content&#8221; use_post_excrpt=&#8221;on&#8221; _builder_version=&#8221;4.19.4&#8243; _module_preset=&#8221;default&#8221; global_colors_info=&#8221;{}&#8221;][\/difl_postitem][\/difl_postgrid][\/et_pb_column][\/et_pb_row][\/et_pb_section]<\/p>\n","protected":false},"excerpt":{"rendered":"<p><div class=\"et_pb_module df_adh_heading df_adh_heading_0\">\n\t\t\t\t\n\t\t\t\t\n\t\t\t\t\n\t\t\t\t\n\t\t\t\t\n\t\t\t\t\n\t\t\t\t<div class=\"et_pb_module_inner\">\n\t\t\t\t\t<div class=\"df-heading-container\">\r\n                \r\n                \r\n                <h2 class=\"df-heading\"> <span class=\"infix\">Notizie<\/span> <\/h2>\r\n                \r\n            <\/div>\n\t\t\t\t<\/div>\n\t\t\t<\/div><div class=\"et_pb_with_border et_pb_module difl_postgrid difl_postgrid_0\">\n\t\t\t\t\n\t\t\t\t\n\t\t\t\t\n\t\t\t\t\n\t\t\t\t\n\t\t\t\t\n\t\t\t\t<div class=\"et_pb_module_inner\">\n\t\t\t\t\t<div class=\"df_postgrid_container et_pb_ajax_pagination_container\" data-settings='{\"layout\":\"grid\"}'><div class=\"df-posts-wrap layout-grid\">                <article id=\"post-4383\" class=\"df-post-item v2 df-equal-height post-4383 post type-post status-publish format-standard hentry category-notizie\">\r\n                    <div class=\"df-post-outer-wrap df-hover-trigger\" >\r\n                                                <div class=\"df-post-inner-wrap\">\r\n                            <div class=\"df-item-wrap df-post-title-wrap difl_postitem_0 \">\r\n            \r\n            <h3 class=\"df-post-title\">\r\n                <a href=\"https:\/\/digitalgovernance.unipv.it\/edizione-2\/privacy-e-liberta\/\">\r\n                    Privacy \u00e8 libert\u00e0\r\n                <\/a>\r\n            <\/h3>     \r\n        <\/div><span class=\"df-item-wrap df-post-date-wrap difl_postitem_1 \">  31\/05\/2023<\/span><div class=\"df-item-wrap df-post-content-wrap difl_postitem_2 \"><p>Sabato 1\u00b0 luglio si svolger\u00e0, presso l'Istituto Universitario Pontificio Salesiano di Torino, il convegno Privacy \u00e8 Libert\u00e0, iniziativa di apertura dell'International School in Digital Governance che prender\u00e0 avvio il prossimo 2 ottobre presso l'Universit\u00e0 degli Studi...<\/p>\n<\/div>                        <\/div>\r\n                    <\/div>\r\n                <\/article>\r\n                                <article id=\"post-4353\" class=\"df-post-item v2 df-equal-height post-4353 post type-post status-publish format-standard hentry category-notizie\">\r\n                    <div class=\"df-post-outer-wrap df-hover-trigger\" >\r\n                                                <div class=\"df-post-inner-wrap\">\r\n                            <div class=\"df-item-wrap df-post-title-wrap difl_postitem_0 \">\r\n            \r\n            <h3 class=\"df-post-title\">\r\n                <a href=\"https:\/\/digitalgovernance.unipv.it\/edizione-2\/concesso-patrocinio-dal-garante-per-la-protezione-dei-dati-personali\/\">\r\n                    Concesso patrocinio dal Garante per la Protezione dei Dati Personali\r\n                <\/a>\r\n            <\/h3>     \r\n        <\/div><span class=\"df-item-wrap df-post-date-wrap difl_postitem_1 \">  09\/03\/2023<\/span><div class=\"df-item-wrap df-post-content-wrap difl_postitem_2 \"><p>\u00c8 stata sottoscritta oggi la concessione di patrocinio alla School da parte del Garante per la Protezione dei Dati Personali! Si tratta di un\u2019autorit\u00e0 amministrativa indipendente italiana istituita dalla legge 31 dicembre 1996, n. 675, per assicurare la tutela dei...<\/p>\n<\/div>                        <\/div>\r\n                    <\/div>\r\n                <\/article>\r\n                                <article id=\"post-4203\" class=\"df-post-item v2 df-equal-height post-4203 post type-post status-publish format-standard hentry category-notizie\">\r\n                    <div class=\"df-post-outer-wrap df-hover-trigger\" >\r\n                                                <div class=\"df-post-inner-wrap\">\r\n                            <div class=\"df-item-wrap df-post-title-wrap difl_postitem_0 \">\r\n            \r\n            <h3 class=\"df-post-title\">\r\n                <a href=\"https:\/\/digitalgovernance.unipv.it\/edizione-2\/sottoscritta-convenzione-con-lega-dei-comuni\/\">\r\n                    Sottoscritta convenzione con Lega dei Comuni\r\n                <\/a>\r\n            <\/h3>     \r\n        <\/div><span class=\"df-item-wrap df-post-date-wrap difl_postitem_1 \">  08\/02\/2023<\/span><div class=\"df-item-wrap df-post-content-wrap difl_postitem_2 \"><p>\u00c8 stata sottoscritta oggi la convenzione tra Dipartimento di Scienze Politiche e Sociali dell\u2019Universit\u00e0 degli Studi di Pavia e Lega dei Comuni. Si tratta di un\u2019associazione che ha tra i suoi scopi la promozione di iniziative culturali, di incontri e convegni su...<\/p>\n<\/div>                        <\/div>\r\n                    <\/div>\r\n                <\/article>\r\n                                <article id=\"post-3583\" class=\"df-post-item v2 df-equal-height post-3583 post type-post status-publish format-standard hentry category-notizie\">\r\n                    <div class=\"df-post-outer-wrap df-hover-trigger\" >\r\n                                                <div class=\"df-post-inner-wrap\">\r\n                            <div class=\"df-item-wrap df-post-title-wrap difl_postitem_0 \">\r\n            \r\n            <h3 class=\"df-post-title\">\r\n                <a href=\"https:\/\/digitalgovernance.unipv.it\/edizione-2\/sottoscritta-convenzione-con-anorc-professioni\/\">\r\n                    Sottoscritta convenzione con ANORC professioni\r\n                <\/a>\r\n            <\/h3>     \r\n        <\/div><span class=\"df-item-wrap df-post-date-wrap difl_postitem_1 \">  07\/02\/2023<\/span><div class=\"df-item-wrap df-post-content-wrap difl_postitem_2 \"><p>\u00c8 stata sottoscritta oggi la convenzione tra Dipartimento di Scienze Politiche e Sociali dell\u2019Universit\u00e0 degli Studi di Pavia e ANORC Professioni. Si tratta di un\u2019associazione che ha tra i suoi scopi la promozione e la diffusione di studi, iniziative e ricerche in...<\/p>\n<\/div>                        <\/div>\r\n                    <\/div>\r\n                <\/article>\r\n                                <article id=\"post-3586\" class=\"df-post-item v2 df-equal-height post-3586 post type-post status-publish format-standard hentry category-notizie\">\r\n                    <div class=\"df-post-outer-wrap df-hover-trigger\" >\r\n                                                <div class=\"df-post-inner-wrap\">\r\n                            <div class=\"df-item-wrap df-post-title-wrap difl_postitem_0 \">\r\n            \r\n            <h3 class=\"df-post-title\">\r\n                <a href=\"https:\/\/digitalgovernance.unipv.it\/edizione-2\/sottoscritta-convenzione-con-csig-ivrea-torino\/\">\r\n                    Sottoscritta convenzione con CSIG Ivrea-Torino\r\n                <\/a>\r\n            <\/h3>     \r\n        <\/div><span class=\"df-item-wrap df-post-date-wrap difl_postitem_1 \">  06\/02\/2023<\/span><div class=\"df-item-wrap df-post-content-wrap difl_postitem_2 \"><p>\u00c8 stata sottoscritta oggi la convenzione tra Dipartimento di Scienze Politiche e Sociali dell\u2019Universit\u00e0 degli Studi di Pavia e CSIG Ivrea-Torino. Si tratta di un\u2019associazione che ha tra i suoi scopi la promozione del confronto, del dibattito e della condivisione...<\/p>\n<\/div>                        <\/div>\r\n                    <\/div>\r\n                <\/article>\r\n                                <article id=\"post-3590\" class=\"df-post-item v2 df-equal-height post-3590 post type-post status-publish format-standard hentry category-notizie\">\r\n                    <div class=\"df-post-outer-wrap df-hover-trigger\" >\r\n                                                <div class=\"df-post-inner-wrap\">\r\n                            <div class=\"df-item-wrap df-post-title-wrap difl_postitem_0 \">\r\n            \r\n            <h3 class=\"df-post-title\">\r\n                <a href=\"https:\/\/digitalgovernance.unipv.it\/edizione-2\/apertura-delle-iscrizioni-della-ii-edizione-dellinternational-school-in-digital-governance\/\">\r\n                    Apertura delle iscrizioni della II Edizione dell\u2019International School in Digital Governance\r\n                <\/a>\r\n            <\/h3>     \r\n        <\/div><span class=\"df-item-wrap df-post-date-wrap difl_postitem_1 \">  02\/02\/2023<\/span><div class=\"df-item-wrap df-post-content-wrap difl_postitem_2 \"><p>Sono aperte le iscrizioni alla seconda edizione dell\u2019International School in Digital Governance! Dopo il grande successo della prima edizione, la School in Digital Governance amplia quest\u2019anno la propria offerta formativa permettendo ai propri iscritti, grazie alla...<\/p>\n<\/div>                        <\/div>\r\n                    <\/div>\r\n                <\/article>\r\n                                <article id=\"post-3580\" class=\"df-post-item v2 df-equal-height post-3580 post type-post status-publish format-standard hentry category-notizie\">\r\n                    <div class=\"df-post-outer-wrap df-hover-trigger\" >\r\n                                                <div class=\"df-post-inner-wrap\">\r\n                            <div class=\"df-item-wrap df-post-title-wrap difl_postitem_0 \">\r\n            \r\n            <h3 class=\"df-post-title\">\r\n                <a href=\"https:\/\/digitalgovernance.unipv.it\/edizione-2\/sottoscritta-convenzione-con-listituto-italiano-per-la-privacy-e-la-valorizzazione-dei-dati\/\">\r\n                    Sottoscritta convenzione con l\u2019Istituto Italiano per la Privacy e la Valorizzazione dei Dati\r\n                <\/a>\r\n            <\/h3>     \r\n        <\/div><span class=\"df-item-wrap df-post-date-wrap difl_postitem_1 \">  01\/02\/2023<\/span><div class=\"df-item-wrap df-post-content-wrap difl_postitem_2 \"><p>\u00c8 stata sottoscritta oggi la convenzione tra il Dipartimento di Scienze Politiche e Sociali dell\u2019Universit\u00e0 degli Studi di Pavia e l\u2019Istituto Italiano per la Privacy e la Valorizzazione dei Dati. Si tratta di un\u2019organizzazione che ha come esigenza quella di assicurare...<\/p>\n<\/div>                        <\/div>\r\n                    <\/div>\r\n                <\/article>\r\n                                <article id=\"post-3588\" class=\"df-post-item v2 df-equal-height post-3588 post type-post status-publish format-standard hentry category-notizie\">\r\n                    <div class=\"df-post-outer-wrap df-hover-trigger\" >\r\n                                                <div class=\"df-post-inner-wrap\">\r\n                            <div class=\"df-item-wrap df-post-title-wrap difl_postitem_0 \">\r\n            \r\n            <h3 class=\"df-post-title\">\r\n                <a href=\"https:\/\/digitalgovernance.unipv.it\/edizione-2\/sottoscritta-convenzione-con-tuv-turinghen-italia\/\">\r\n                    Sottoscritta convenzione con T\u00dcV T\u00fcringhen Italia\r\n                <\/a>\r\n            <\/h3>     \r\n        <\/div><span class=\"df-item-wrap df-post-date-wrap difl_postitem_1 \">  27\/01\/2023<\/span><div class=\"df-item-wrap df-post-content-wrap difl_postitem_2 \"><p>\u00c8 stata sottoscritta oggi la convenzione tra Dipartimento di Scienze Politiche e Sociali dell\u2019Universit\u00e0 degli Studi di Pavia e T\u00fcv T\u00fcringen Italia. Si tratta di un ente indipendente di certificazione e ispezione, che offre servizi certificativi in ambito qualit\u00e0,...<\/p>\n<\/div>                        <\/div>\r\n                    <\/div>\r\n                <\/article>\r\n                <\/div><\/div>\n\t\t\t\t<\/div>\n\t\t\t<\/div><\/p>\n","protected":false},"author":1,"featured_media":0,"parent":0,"menu_order":0,"comment_status":"closed","ping_status":"closed","template":"","meta":{"_et_pb_use_builder":"on","_et_pb_old_content":"","_et_gb_content_width":"","footnotes":""},"class_list":["post-32","page","type-page","status-publish","hentry"],"_links":{"self":[{"href":"https:\/\/digitalgovernance.unipv.it\/edizione-2\/wp-json\/wp\/v2\/pages\/32"}],"collection":[{"href":"https:\/\/digitalgovernance.unipv.it\/edizione-2\/wp-json\/wp\/v2\/pages"}],"about":[{"href":"https:\/\/digitalgovernance.unipv.it\/edizione-2\/wp-json\/wp\/v2\/types\/page"}],"author":[{"embeddable":true,"href":"https:\/\/digitalgovernance.unipv.it\/edizione-2\/wp-json\/wp\/v2\/users\/1"}],"replies":[{"embeddable":true,"href":"https:\/\/digitalgovernance.unipv.it\/edizione-2\/wp-json\/wp\/v2\/comments?post=32"}],"version-history":[{"count":426,"href":"https:\/\/digitalgovernance.unipv.it\/edizione-2\/wp-json\/wp\/v2\/pages\/32\/revisions"}],"predecessor-version":[{"id":3894,"href":"https:\/\/digitalgovernance.unipv.it\/edizione-2\/wp-json\/wp\/v2\/pages\/32\/revisions\/3894"}],"wp:attachment":[{"href":"https:\/\/digitalgovernance.unipv.it\/edizione-2\/wp-json\/wp\/v2\/media?parent=32"}],"curies":[{"name":"wp","href":"https:\/\/api.w.org\/{rel}","templated":true}]}}

<p><div class="et_pb_module df_adh_heading df_adh_heading_0">
				
				
				
				
				
				
				<div class="et_pb_module_inner">
					<div class="df-heading-container">
                
                
                <h2 class="df-heading"> <span class="infix">Notizie</span> </h2>
                
            </div>
				</div>
			</div><div class="et_pb_with_border et_pb_module difl_postgrid difl_postgrid_0">
				
				
				
				
				
				
				<div class="et_pb_module_inner">
					<div class="df_postgrid_container et_pb_ajax_pagination_container" data-settings='{"layout":"grid"}'><div class="df-posts-wrap layout-grid">                <article id="post-4383" class="df-post-item v2 df-equal-height post-4383 post type-post status-publish format-standard hentry category-notizie">
                    <div class="df-post-outer-wrap df-hover-trigger" >
                                                <div class="df-post-inner-wrap">
                            <div class="df-item-wrap df-post-title-wrap difl_postitem_0 ">
            
            <h3 class="df-post-title">
                <a href="https://digitalgovernance.unipv.it/edizione-2/privacy-e-liberta/">
                    Privacy è libertà
                </a>
            </h3>     
        </div><span class="df-item-wrap df-post-date-wrap difl_postitem_1 ">  31/05/2023</span><div class="df-item-wrap df-post-content-wrap difl_postitem_2 "><p>Sabato 1° luglio si svolgerà, presso l'Istituto Universitario Pontificio Salesiano di Torino, il convegno Privacy è Libertà, iniziativa di apertura dell'International School in Digital Governance che prenderà avvio il prossimo 2 ottobre presso l'Università degli Studi...</p>
</div>                        </div>
                    </div>
                </article>
                                <article id="post-4353" class="df-post-item v2 df-equal-height post-4353 post type-post status-publish format-standard hentry category-notizie">
                    <div class="df-post-outer-wrap df-hover-trigger" >
                                                <div class="df-post-inner-wrap">
                            <div class="df-item-wrap df-post-title-wrap difl_postitem_0 ">
            
            <h3 class="df-post-title">
                <a href="https://digitalgovernance.unipv.it/edizione-2/concesso-patrocinio-dal-garante-per-la-protezione-dei-dati-personali/">
                    Concesso patrocinio dal Garante per la Protezione dei Dati Personali
                </a>
            </h3>     
        </div><span class="df-item-wrap df-post-date-wrap difl_postitem_1 ">  09/03/2023</span><div class="df-item-wrap df-post-content-wrap difl_postitem_2 "><p>È stata sottoscritta oggi la concessione di patrocinio alla School da parte del Garante per la Protezione dei Dati Personali! Si tratta di un’autorità amministrativa indipendente italiana istituita dalla legge 31 dicembre 1996, n. 675, per assicurare la tutela dei...</p>
</div>                        </div>
                    </div>
                </article>
                                <article id="post-4203" class="df-post-item v2 df-equal-height post-4203 post type-post status-publish format-standard hentry category-notizie">
                    <div class="df-post-outer-wrap df-hover-trigger" >
                                                <div class="df-post-inner-wrap">
                            <div class="df-item-wrap df-post-title-wrap difl_postitem_0 ">
            
            <h3 class="df-post-title">
                <a href="https://digitalgovernance.unipv.it/edizione-2/sottoscritta-convenzione-con-lega-dei-comuni/">
                    Sottoscritta convenzione con Lega dei Comuni
                </a>
            </h3>     
        </div><span class="df-item-wrap df-post-date-wrap difl_postitem_1 ">  08/02/2023</span><div class="df-item-wrap df-post-content-wrap difl_postitem_2 "><p>È stata sottoscritta oggi la convenzione tra Dipartimento di Scienze Politiche e Sociali dell’Università degli Studi di Pavia e Lega dei Comuni. Si tratta di un’associazione che ha tra i suoi scopi la promozione di iniziative culturali, di incontri e convegni su...</p>
</div>                        </div>
                    </div>
                </article>
                                <article id="post-3583" class="df-post-item v2 df-equal-height post-3583 post type-post status-publish format-standard hentry category-notizie">
                    <div class="df-post-outer-wrap df-hover-trigger" >
                                                <div class="df-post-inner-wrap">
                            <div class="df-item-wrap df-post-title-wrap difl_postitem_0 ">
            
            <h3 class="df-post-title">
                <a href="https://digitalgovernance.unipv.it/edizione-2/sottoscritta-convenzione-con-anorc-professioni/">
                    Sottoscritta convenzione con ANORC professioni
                </a>
            </h3>     
        </div><span class="df-item-wrap df-post-date-wrap difl_postitem_1 ">  07/02/2023</span><div class="df-item-wrap df-post-content-wrap difl_postitem_2 "><p>È stata sottoscritta oggi la convenzione tra Dipartimento di Scienze Politiche e Sociali dell’Università degli Studi di Pavia e ANORC Professioni. Si tratta di un’associazione che ha tra i suoi scopi la promozione e la diffusione di studi, iniziative e ricerche in...</p>
</div>                        </div>
                    </div>
                </article>
                                <article id="post-3586" class="df-post-item v2 df-equal-height post-3586 post type-post status-publish format-standard hentry category-notizie">
                    <div class="df-post-outer-wrap df-hover-trigger" >
                                                <div class="df-post-inner-wrap">
                            <div class="df-item-wrap df-post-title-wrap difl_postitem_0 ">
            
            <h3 class="df-post-title">
                <a href="https://digitalgovernance.unipv.it/edizione-2/sottoscritta-convenzione-con-csig-ivrea-torino/">
                    Sottoscritta convenzione con CSIG Ivrea-Torino
                </a>
            </h3>     
        </div><span class="df-item-wrap df-post-date-wrap difl_postitem_1 ">  06/02/2023</span><div class="df-item-wrap df-post-content-wrap difl_postitem_2 "><p>È stata sottoscritta oggi la convenzione tra Dipartimento di Scienze Politiche e Sociali dell’Università degli Studi di Pavia e CSIG Ivrea-Torino. Si tratta di un’associazione che ha tra i suoi scopi la promozione del confronto, del dibattito e della condivisione...</p>
</div>                        </div>
                    </div>
                </article>
                                <article id="post-3590" class="df-post-item v2 df-equal-height post-3590 post type-post status-publish format-standard hentry category-notizie">
                    <div class="df-post-outer-wrap df-hover-trigger" >
                                                <div class="df-post-inner-wrap">
                            <div class="df-item-wrap df-post-title-wrap difl_postitem_0 ">
            
            <h3 class="df-post-title">
                <a href="https://digitalgovernance.unipv.it/edizione-2/apertura-delle-iscrizioni-della-ii-edizione-dellinternational-school-in-digital-governance/">
                    Apertura delle iscrizioni della II Edizione dell’International School in Digital Governance
                </a>
            </h3>     
        </div><span class="df-item-wrap df-post-date-wrap difl_postitem_1 ">  02/02/2023</span><div class="df-item-wrap df-post-content-wrap difl_postitem_2 "><p>Sono aperte le iscrizioni alla seconda edizione dell’International School in Digital Governance! Dopo il grande successo della prima edizione, la School in Digital Governance amplia quest’anno la propria offerta formativa permettendo ai propri iscritti, grazie alla...</p>
</div>                        </div>
                    </div>
                </article>
                                <article id="post-3580" class="df-post-item v2 df-equal-height post-3580 post type-post status-publish format-standard hentry category-notizie">
                    <div class="df-post-outer-wrap df-hover-trigger" >
                                                <div class="df-post-inner-wrap">
                            <div class="df-item-wrap df-post-title-wrap difl_postitem_0 ">
            
            <h3 class="df-post-title">
                <a href="https://digitalgovernance.unipv.it/edizione-2/sottoscritta-convenzione-con-listituto-italiano-per-la-privacy-e-la-valorizzazione-dei-dati/">
                    Sottoscritta convenzione con l’Istituto Italiano per la Privacy e la Valorizzazione dei Dati
                </a>
            </h3>     
        </div><span class="df-item-wrap df-post-date-wrap difl_postitem_1 ">  01/02/2023</span><div class="df-item-wrap df-post-content-wrap difl_postitem_2 "><p>È stata sottoscritta oggi la convenzione tra il Dipartimento di Scienze Politiche e Sociali dell’Università degli Studi di Pavia e l’Istituto Italiano per la Privacy e la Valorizzazione dei Dati. Si tratta di un’organizzazione che ha come esigenza quella di assicurare...</p>
</div>                        </div>
                    </div>
                </article>
                                <article id="post-3588" class="df-post-item v2 df-equal-height post-3588 post type-post status-publish format-standard hentry category-notizie">
                    <div class="df-post-outer-wrap df-hover-trigger" >
                                                <div class="df-post-inner-wrap">
                            <div class="df-item-wrap df-post-title-wrap difl_postitem_0 ">
            
            <h3 class="df-post-title">
                <a href="https://digitalgovernance.unipv.it/edizione-2/sottoscritta-convenzione-con-tuv-turinghen-italia/">
                    Sottoscritta convenzione con TÜV Türinghen Italia
                </a>
            </h3>     
        </div><span class="df-item-wrap df-post-date-wrap difl_postitem_1 ">  27/01/2023</span><div class="df-item-wrap df-post-content-wrap difl_postitem_2 "><p>È stata sottoscritta oggi la convenzione tra Dipartimento di Scienze Politiche e Sociali dell’Università degli Studi di Pavia e Tüv Türingen Italia. Si tratta di un ente indipendente di certificazione e ispezione, che offre servizi certificativi in ambito qualità,...</p>
</div>                        </div>
                    </div>
                </article>
                </div></div>
				</div>
			</div></p>
