{"id":3868,"date":"2023-02-07T17:14:19","date_gmt":"2023-02-07T16:14:19","guid":{"rendered":"https:\/\/digitalgovernance.unipv.it\/edizione-3\/edizione-2\/?page_id=3868"},"modified":"2024-11-02T14:26:01","modified_gmt":"2024-11-02T13:26:01","slug":"patrocini","status":"publish","type":"page","link":"https:\/\/digitalgovernance.unipv.it\/edizione-3\/patrocini\/","title":{"rendered":"Patrocini"},"content":{"rendered":"<p>[et_pb_section fb_built=&#8221;1&#8243; admin_label=&#8221;Patrocini&#8221; _builder_version=&#8221;4.19.4&#8243; _module_preset=&#8221;default&#8221; global_module=&#8221;4473&#8243; saved_tabs=&#8221;all&#8221; collapsed=&#8221;off&#8221; global_colors_info=&#8221;{}&#8221; theme_builder_area=&#8221;post_content&#8221;][et_pb_row column_structure=&#8221;2_5,3_5&#8243; _builder_version=&#8221;4.19.4&#8243; _module_preset=&#8221;5644f18a-5e3a-4989-a117-6c377695320d&#8221; global_colors_info=&#8221;{}&#8221; theme_builder_area=&#8221;post_content&#8221;][et_pb_column type=&#8221;2_5&#8243; _builder_version=&#8221;4.19.4&#8243; _module_preset=&#8221;default&#8221; global_colors_info=&#8221;{}&#8221; theme_builder_area=&#8221;post_content&#8221;][et_pb_image src=&#8221;https:\/\/digitalgovernance.unipv.it\/edizione-3\/wp-content\/uploads\/sites\/5\/2023\/02\/Dipartimento-di-Scienze-Politiche.png&#8221; alt=&#8221;Universit\u00e0 degli Studi di Pavia &#8211; Dipartimento di Scienze Politiche e Sociali&#8221; title_text=&#8221;Dipartimento di Scienze Politiche&#8221; _builder_version=&#8221;4.19.5&#8243; _module_preset=&#8221;c1a8a6ac-184f-487a-90ea-49a9285b3f2f&#8221; global_colors_info=&#8221;{}&#8221; theme_builder_area=&#8221;post_content&#8221;][\/et_pb_image][\/et_pb_column][et_pb_column type=&#8221;3_5&#8243; _builder_version=&#8221;4.19.4&#8243; _module_preset=&#8221;default&#8221; global_colors_info=&#8221;{}&#8221; theme_builder_area=&#8221;post_content&#8221;][et_pb_cta title=&#8221;Universit\u00e0 degli Studi di Pavia &#8211; Dipartimento di Scienze Politiche e Sociali&#8221; button_url=&#8221;https:\/\/scienzepolitichesociali.dip.unipv.it\/it&#8221; url_new_window=&#8221;on&#8221; button_text=&#8221;Visita il sito&#8221; _builder_version=&#8221;4.19.4&#8243; _module_preset=&#8221;3e8dcb47-6f8c-4542-bce7-544ef7d4ffa4&#8243; global_colors_info=&#8221;{}&#8221; theme_builder_area=&#8221;post_content&#8221;]<\/p>\n<p>Il Dipartimento di Scienze Politiche e Sociali, gi\u00e0 Facolt\u00e0 di Scienze Politiche fondata nel 1926, \u00e8 una comunit\u00e0 scientifica multidisciplinare nella quale trovano posto campi di studio afferenti alle scienze politiche, alla filosofia politica, all\u2019economia, alle scienze statistiche, alla scienze storiche in tutte le loro declinazioni e agli studi di area e delle relazioni internazionali, alle scienze giuridiche, alla sociologia e alle scienze della comunicazione istituzionale e di mercato.<\/p>\n<p>[\/et_pb_cta][\/et_pb_column][\/et_pb_row][et_pb_row column_structure=&#8221;2_5,3_5&#8243; admin_label=&#8221;Universit\u00e0 degli Studi di Pavia &#8211; Dipartimento di Dipartimento di Medicina Interna e Terapia Medica&#8221; _builder_version=&#8221;4.19.4&#8243; _module_preset=&#8221;5644f18a-5e3a-4989-a117-6c377695320d&#8221; global_colors_info=&#8221;{}&#8221; theme_builder_area=&#8221;post_content&#8221;][et_pb_column type=&#8221;2_5&#8243; _builder_version=&#8221;4.19.4&#8243; _module_preset=&#8221;default&#8221; global_colors_info=&#8221;{}&#8221; theme_builder_area=&#8221;post_content&#8221;][et_pb_image src=&#8221;https:\/\/digitalgovernance.unipv.it\/edizione-3\/wp-content\/uploads\/sites\/5\/2023\/02\/AMARANTO.png&#8221; alt=&#8221;Universit\u00e0 degli Studi di Pavia &#8211; Dipartimento di Medicina Interna e Terapia Medica&#8221; title_text=&#8221;AMARANTO&#8221; _builder_version=&#8221;4.19.5&#8243; _module_preset=&#8221;c1a8a6ac-184f-487a-90ea-49a9285b3f2f&#8221; global_colors_info=&#8221;{}&#8221; theme_builder_area=&#8221;post_content&#8221;][\/et_pb_image][\/et_pb_column][et_pb_column type=&#8221;3_5&#8243; _builder_version=&#8221;4.19.4&#8243; _module_preset=&#8221;default&#8221; global_colors_info=&#8221;{}&#8221; theme_builder_area=&#8221;post_content&#8221;][et_pb_cta title=&#8221;Universit\u00e0 degli Studi di Pavia &#8211; Dipartimento di Dipartimento di Medicina Interna e Terapia Medica&#8221; button_url=&#8221;http:\/\/medint.unipv.eu\/site\/home\/dipartimento.html&#8221; url_new_window=&#8221;on&#8221; button_text=&#8221;Visita il sito&#8221; _builder_version=&#8221;4.19.4&#8243; _module_preset=&#8221;3e8dcb47-6f8c-4542-bce7-544ef7d4ffa4&#8243; global_colors_info=&#8221;{}&#8221; theme_builder_area=&#8221;post_content&#8221;]<\/p>\n<p>Il Dipartimento di Medicina Interna e Terapia Medica \u00e8 stato istituito storicamente nel 1982 per aggregare gruppi di clinici e ricercatori che presentassero interessi scientifici e didattici comuni al fine di sviluppare progetti ad ampio respiro partendo dalle scienze di base per arrivare alle specialit\u00e0 mediche. Nel corso degli anni, per l&#8217;interesse suscitato nell&#8217;ambito universitario, il Dipartimento si \u00e8 arricchito di nuove sezioni raggiungendo il totale di 11 sezioni\/Unit\u00e0 e 53 componenti.<\/p>\n<p>[\/et_pb_cta][\/et_pb_column][\/et_pb_row][et_pb_row column_structure=&#8221;2_5,3_5&#8243; admin_label=&#8221;Universit\u00e0 degli Studi di Pavia &#8211; Centro Interdipartimentale di ricerca \u201cOrganizzazione e governance della Pubblica Amministrazione\u201d&#8221; _builder_version=&#8221;4.19.4&#8243; _module_preset=&#8221;5644f18a-5e3a-4989-a117-6c377695320d&#8221; global_colors_info=&#8221;{}&#8221; theme_builder_area=&#8221;post_content&#8221;][et_pb_column type=&#8221;2_5&#8243; _builder_version=&#8221;4.19.4&#8243; _module_preset=&#8221;default&#8221; global_colors_info=&#8221;{}&#8221; theme_builder_area=&#8221;post_content&#8221;][et_pb_image src=&#8221;https:\/\/digitalgovernance.unipv.it\/edizione-3\/wp-content\/uploads\/sites\/5\/2020\/10\/Centro-interdipartimentale.png&#8221; alt=&#8221;Universit\u00e0 degli Studi di Pavia &#8211; Centro interdipartimentale di ricerca. Organizzazione e governance della pubblica amministrazione&#8221; title_text=&#8221;Centro-interdipartimentale&#8221; _builder_version=&#8221;4.19.5&#8243; _module_preset=&#8221;c1a8a6ac-184f-487a-90ea-49a9285b3f2f&#8221; global_colors_info=&#8221;{}&#8221; theme_builder_area=&#8221;post_content&#8221;][\/et_pb_image][\/et_pb_column][et_pb_column type=&#8221;3_5&#8243; _builder_version=&#8221;4.19.4&#8243; _module_preset=&#8221;default&#8221; global_colors_info=&#8221;{}&#8221; theme_builder_area=&#8221;post_content&#8221;][et_pb_cta title=&#8221;Universit\u00e0 degli Studi di Pavia &#8211; Centro Interdipartimentale di ricerca \u201cOrganizzazione e governance della Pubblica Amministrazione\u201d&#8221; button_url=&#8221;https:\/\/portale.unipv.it\/it\/ricerca\/strutture-di-ricerca\/centri-di-ricerca\/centri-di-ricerca-interdipartimentali&#8221; url_new_window=&#8221;on&#8221; button_text=&#8221;Visita il sito&#8221; _builder_version=&#8221;4.19.4&#8243; _module_preset=&#8221;3e8dcb47-6f8c-4542-bce7-544ef7d4ffa4&#8243; global_colors_info=&#8221;{}&#8221; theme_builder_area=&#8221;post_content&#8221;]<\/p>\n<p>I Centri di ricerca interdipartimentali hanno lo scopo di sviluppare e coordinare importanti attivit\u00e0 pluriennali e interdisciplinari di ricerca di base e\/o applicata. Esse coinvolgono gruppi di ricerca di pi\u00f9 Dipartimenti e possono essere anche promosse e sostenute da Enti esterni all\u2019Universit\u00e0.<\/p>\n<p>[\/et_pb_cta][\/et_pb_column][\/et_pb_row][et_pb_row column_structure=&#8221;2_5,3_5&#8243; admin_label=&#8221;Fondazione Romagnosi: scuola di governo locale&#8221; _builder_version=&#8221;4.19.4&#8243; _module_preset=&#8221;5644f18a-5e3a-4989-a117-6c377695320d&#8221; global_colors_info=&#8221;{}&#8221; theme_builder_area=&#8221;post_content&#8221;][et_pb_column type=&#8221;2_5&#8243; _builder_version=&#8221;4.19.4&#8243; _module_preset=&#8221;default&#8221; global_colors_info=&#8221;{}&#8221; theme_builder_area=&#8221;post_content&#8221;][et_pb_image src=&#8221;https:\/\/digitalgovernance.unipv.it\/edizione-3\/wp-content\/uploads\/sites\/5\/2023\/02\/logo_romagnosi_2023.png&#8221; alt=&#8221;Fondazione Romagnosi &#8211; Scuola di governo locale&#8221; title_text=&#8221;logo_romagnosi_2023&#8243; _builder_version=&#8221;4.19.5&#8243; _module_preset=&#8221;c1a8a6ac-184f-487a-90ea-49a9285b3f2f&#8221; global_colors_info=&#8221;{}&#8221; theme_builder_area=&#8221;post_content&#8221;][\/et_pb_image][\/et_pb_column][et_pb_column type=&#8221;3_5&#8243; _builder_version=&#8221;4.19.4&#8243; _module_preset=&#8221;default&#8221; global_colors_info=&#8221;{}&#8221; theme_builder_area=&#8221;post_content&#8221;][et_pb_cta title=&#8221;Fondazione Romagnosi: scuola di governo locale&#8221; button_url=&#8221;http:\/\/www.fondazioneromagnosi.it\/fondazione-romagnosi-scuola-governo-locale.php&#8221; url_new_window=&#8221;on&#8221; button_text=&#8221;Visita il sito&#8221; _builder_version=&#8221;4.19.4&#8243; _module_preset=&#8221;3e8dcb47-6f8c-4542-bce7-544ef7d4ffa4&#8243; global_colors_info=&#8221;{}&#8221; theme_builder_area=&#8221;post_content&#8221;]<\/p>\n<p>La Fondazione Romagnosi, istituita nel 2003 da Universit\u00e0 degli Studi di Pavia, Comune di Pavia e Provincia di Pavia, sotto la Prima Presidenza del Professor Fabio Rugge, intende promuovere e diffondere una cultura innovativa del governo locale e della sua amministrazione.<\/p>\n<p>[\/et_pb_cta][\/et_pb_column][\/et_pb_row][\/et_pb_section]<\/p>\n","protected":false},"excerpt":{"rendered":"<p>Il Dipartimento di Scienze Politiche e Sociali, gi\u00e0 Facolt\u00e0 di Scienze Politiche fondata nel 1926, \u00e8 una comunit\u00e0 scientifica multidisciplinare nella quale trovano posto campi di studio afferenti alle scienze politiche, alla filosofia politica, all\u2019economia, alle scienze statistiche, alla scienze storiche in tutte le loro declinazioni e agli studi di area e delle relazioni internazionali, [&hellip;]<\/p>\n","protected":false},"author":1,"featured_media":0,"parent":0,"menu_order":0,"comment_status":"closed","ping_status":"closed","template":"","meta":{"_et_pb_use_builder":"on","_et_pb_old_content":"","_et_gb_content_width":"","footnotes":""},"class_list":["post-3868","page","type-page","status-publish","hentry"],"_links":{"self":[{"href":"https:\/\/digitalgovernance.unipv.it\/edizione-3\/wp-json\/wp\/v2\/pages\/3868"}],"collection":[{"href":"https:\/\/digitalgovernance.unipv.it\/edizione-3\/wp-json\/wp\/v2\/pages"}],"about":[{"href":"https:\/\/digitalgovernance.unipv.it\/edizione-3\/wp-json\/wp\/v2\/types\/page"}],"author":[{"embeddable":true,"href":"https:\/\/digitalgovernance.unipv.it\/edizione-3\/wp-json\/wp\/v2\/users\/1"}],"replies":[{"embeddable":true,"href":"https:\/\/digitalgovernance.unipv.it\/edizione-3\/wp-json\/wp\/v2\/comments?post=3868"}],"version-history":[{"count":38,"href":"https:\/\/digitalgovernance.unipv.it\/edizione-3\/wp-json\/wp\/v2\/pages\/3868\/revisions"}],"predecessor-version":[{"id":4594,"href":"https:\/\/digitalgovernance.unipv.it\/edizione-3\/wp-json\/wp\/v2\/pages\/3868\/revisions\/4594"}],"wp:attachment":[{"href":"https:\/\/digitalgovernance.unipv.it\/edizione-3\/wp-json\/wp\/v2\/media?parent=3868"}],"curies":[{"name":"wp","href":"https:\/\/api.w.org\/{rel}","templated":true}]}}

<p>[et_pb_section fb_built=&#8221;1&#8243; admin_label=&#8221;Patrocini&#8221; _builder_version=&#8221;4.19.4&#8243; _module_preset=&#8221;default&#8221; global_module=&#8221;4473&#8243; saved_tabs=&#8221;all&#8221; collapsed=&#8221;off&#8221; global_colors_info=&#8221;{}&#8221; theme_builder_area=&#8221;post_content&#8221;][et_pb_row column_structure=&#8221;2_5,3_5&#8243; _builder_version=&#8221;4.19.4&#8243; _module_preset=&#8221;5644f18a-5e3a-4989-a117-6c377695320d&#8221; global_colors_info=&#8221;{}&#8221; theme_builder_area=&#8221;post_content&#8221;][et_pb_column type=&#8221;2_5&#8243; _builder_version=&#8221;4.19.4&#8243; _module_preset=&#8221;default&#8221; global_colors_info=&#8221;{}&#8221; theme_builder_area=&#8221;post_content&#8221;][et_pb_image src=&#8221;https://digitalgovernance.unipv.it/edizione-3/wp-content/uploads/sites/5/2023/02/Dipartimento-di-Scienze-Politiche.png&#8221; alt=&#8221;Università degli Studi di Pavia &#8211; Dipartimento di Scienze Politiche e Sociali&#8221; title_text=&#8221;Dipartimento di Scienze Politiche&#8221; _builder_version=&#8221;4.19.5&#8243; _module_preset=&#8221;c1a8a6ac-184f-487a-90ea-49a9285b3f2f&#8221; global_colors_info=&#8221;{}&#8221; theme_builder_area=&#8221;post_content&#8221;][/et_pb_image][/et_pb_column][et_pb_column type=&#8221;3_5&#8243; _builder_version=&#8221;4.19.4&#8243; _module_preset=&#8221;default&#8221; global_colors_info=&#8221;{}&#8221; theme_builder_area=&#8221;post_content&#8221;][et_pb_cta title=&#8221;Università degli Studi di Pavia &#8211; Dipartimento di Scienze Politiche e Sociali&#8221; button_url=&#8221;https://scienzepolitichesociali.dip.unipv.it/it&#8221; url_new_window=&#8221;on&#8221; button_text=&#8221;Visita il sito&#8221; _builder_version=&#8221;4.19.4&#8243; _module_preset=&#8221;3e8dcb47-6f8c-4542-bce7-544ef7d4ffa4&#8243; global_colors_info=&#8221;{}&#8221; theme_builder_area=&#8221;post_content&#8221;]</p>
<p>Il Dipartimento di Scienze Politiche e Sociali, già Facoltà di Scienze Politiche fondata nel 1926, è una comunità scientifica multidisciplinare nella quale trovano posto campi di studio afferenti alle scienze politiche, alla filosofia politica, all’economia, alle scienze statistiche, alla scienze storiche in tutte le loro declinazioni e agli studi di area e delle relazioni internazionali, alle scienze giuridiche, alla sociologia e alle scienze della comunicazione istituzionale e di mercato.</p>
<p>[/et_pb_cta][/et_pb_column][/et_pb_row][et_pb_row column_structure=&#8221;2_5,3_5&#8243; admin_label=&#8221;Università degli Studi di Pavia &#8211; Dipartimento di Dipartimento di Medicina Interna e Terapia Medica&#8221; _builder_version=&#8221;4.19.4&#8243; _module_preset=&#8221;5644f18a-5e3a-4989-a117-6c377695320d&#8221; global_colors_info=&#8221;{}&#8221; theme_builder_area=&#8221;post_content&#8221;][et_pb_column type=&#8221;2_5&#8243; _builder_version=&#8221;4.19.4&#8243; _module_preset=&#8221;default&#8221; global_colors_info=&#8221;{}&#8221; theme_builder_area=&#8221;post_content&#8221;][et_pb_image src=&#8221;https://digitalgovernance.unipv.it/edizione-3/wp-content/uploads/sites/5/2023/02/AMARANTO.png&#8221; alt=&#8221;Università degli Studi di Pavia &#8211; Dipartimento di Medicina Interna e Terapia Medica&#8221; title_text=&#8221;AMARANTO&#8221; _builder_version=&#8221;4.19.5&#8243; _module_preset=&#8221;c1a8a6ac-184f-487a-90ea-49a9285b3f2f&#8221; global_colors_info=&#8221;{}&#8221; theme_builder_area=&#8221;post_content&#8221;][/et_pb_image][/et_pb_column][et_pb_column type=&#8221;3_5&#8243; _builder_version=&#8221;4.19.4&#8243; _module_preset=&#8221;default&#8221; global_colors_info=&#8221;{}&#8221; theme_builder_area=&#8221;post_content&#8221;][et_pb_cta title=&#8221;Università degli Studi di Pavia &#8211; Dipartimento di Dipartimento di Medicina Interna e Terapia Medica&#8221; button_url=&#8221;http://medint.unipv.eu/site/home/dipartimento.html&#8221; url_new_window=&#8221;on&#8221; button_text=&#8221;Visita il sito&#8221; _builder_version=&#8221;4.19.4&#8243; _module_preset=&#8221;3e8dcb47-6f8c-4542-bce7-544ef7d4ffa4&#8243; global_colors_info=&#8221;{}&#8221; theme_builder_area=&#8221;post_content&#8221;]</p>
<p>Il Dipartimento di Medicina Interna e Terapia Medica è stato istituito storicamente nel 1982 per aggregare gruppi di clinici e ricercatori che presentassero interessi scientifici e didattici comuni al fine di sviluppare progetti ad ampio respiro partendo dalle scienze di base per arrivare alle specialità mediche. Nel corso degli anni, per l&#8217;interesse suscitato nell&#8217;ambito universitario, il Dipartimento si è arricchito di nuove sezioni raggiungendo il totale di 11 sezioni/Unità e 53 componenti.</p>
<p>[/et_pb_cta][/et_pb_column][/et_pb_row][et_pb_row column_structure=&#8221;2_5,3_5&#8243; admin_label=&#8221;Università degli Studi di Pavia &#8211; Centro Interdipartimentale di ricerca “Organizzazione e governance della Pubblica Amministrazione”&#8221; _builder_version=&#8221;4.19.4&#8243; _module_preset=&#8221;5644f18a-5e3a-4989-a117-6c377695320d&#8221; global_colors_info=&#8221;{}&#8221; theme_builder_area=&#8221;post_content&#8221;][et_pb_column type=&#8221;2_5&#8243; _builder_version=&#8221;4.19.4&#8243; _module_preset=&#8221;default&#8221; global_colors_info=&#8221;{}&#8221; theme_builder_area=&#8221;post_content&#8221;][et_pb_image src=&#8221;https://digitalgovernance.unipv.it/edizione-3/wp-content/uploads/sites/5/2020/10/Centro-interdipartimentale.png&#8221; alt=&#8221;Università degli Studi di Pavia &#8211; Centro interdipartimentale di ricerca. Organizzazione e governance della pubblica amministrazione&#8221; title_text=&#8221;Centro-interdipartimentale&#8221; _builder_version=&#8221;4.19.5&#8243; _module_preset=&#8221;c1a8a6ac-184f-487a-90ea-49a9285b3f2f&#8221; global_colors_info=&#8221;{}&#8221; theme_builder_area=&#8221;post_content&#8221;][/et_pb_image][/et_pb_column][et_pb_column type=&#8221;3_5&#8243; _builder_version=&#8221;4.19.4&#8243; _module_preset=&#8221;default&#8221; global_colors_info=&#8221;{}&#8221; theme_builder_area=&#8221;post_content&#8221;][et_pb_cta title=&#8221;Università degli Studi di Pavia &#8211; Centro Interdipartimentale di ricerca “Organizzazione e governance della Pubblica Amministrazione”&#8221; button_url=&#8221;https://portale.unipv.it/it/ricerca/strutture-di-ricerca/centri-di-ricerca/centri-di-ricerca-interdipartimentali&#8221; url_new_window=&#8221;on&#8221; button_text=&#8221;Visita il sito&#8221; _builder_version=&#8221;4.19.4&#8243; _module_preset=&#8221;3e8dcb47-6f8c-4542-bce7-544ef7d4ffa4&#8243; global_colors_info=&#8221;{}&#8221; theme_builder_area=&#8221;post_content&#8221;]</p>
<p>I Centri di ricerca interdipartimentali hanno lo scopo di sviluppare e coordinare importanti attività pluriennali e interdisciplinari di ricerca di base e/o applicata. Esse coinvolgono gruppi di ricerca di più Dipartimenti e possono essere anche promosse e sostenute da Enti esterni all’Università.</p>
<p>[/et_pb_cta][/et_pb_column][/et_pb_row][et_pb_row column_structure=&#8221;2_5,3_5&#8243; admin_label=&#8221;Fondazione Romagnosi: scuola di governo locale&#8221; _builder_version=&#8221;4.19.4&#8243; _module_preset=&#8221;5644f18a-5e3a-4989-a117-6c377695320d&#8221; global_colors_info=&#8221;{}&#8221; theme_builder_area=&#8221;post_content&#8221;][et_pb_column type=&#8221;2_5&#8243; _builder_version=&#8221;4.19.4&#8243; _module_preset=&#8221;default&#8221; global_colors_info=&#8221;{}&#8221; theme_builder_area=&#8221;post_content&#8221;][et_pb_image src=&#8221;https://digitalgovernance.unipv.it/edizione-3/wp-content/uploads/sites/5/2023/02/logo_romagnosi_2023.png&#8221; alt=&#8221;Fondazione Romagnosi &#8211; Scuola di governo locale&#8221; title_text=&#8221;logo_romagnosi_2023&#8243; _builder_version=&#8221;4.19.5&#8243; _module_preset=&#8221;c1a8a6ac-184f-487a-90ea-49a9285b3f2f&#8221; global_colors_info=&#8221;{}&#8221; theme_builder_area=&#8221;post_content&#8221;][/et_pb_image][/et_pb_column][et_pb_column type=&#8221;3_5&#8243; _builder_version=&#8221;4.19.4&#8243; _module_preset=&#8221;default&#8221; global_colors_info=&#8221;{}&#8221; theme_builder_area=&#8221;post_content&#8221;][et_pb_cta title=&#8221;Fondazione Romagnosi: scuola di governo locale&#8221; button_url=&#8221;http://www.fondazioneromagnosi.it/fondazione-romagnosi-scuola-governo-locale.php&#8221; url_new_window=&#8221;on&#8221; button_text=&#8221;Visita il sito&#8221; _builder_version=&#8221;4.19.4&#8243; _module_preset=&#8221;3e8dcb47-6f8c-4542-bce7-544ef7d4ffa4&#8243; global_colors_info=&#8221;{}&#8221; theme_builder_area=&#8221;post_content&#8221;]</p>
<p>La Fondazione Romagnosi, istituita nel 2003 da Università degli Studi di Pavia, Comune di Pavia e Provincia di Pavia, sotto la Prima Presidenza del Professor Fabio Rugge, intende promuovere e diffondere una cultura innovativa del governo locale e della sua amministrazione.</p>
<p>[/et_pb_cta][/et_pb_column][/et_pb_row][/et_pb_section]</p>

<p>Il Dipartimento di Scienze Politiche e Sociali, già Facoltà di Scienze Politiche fondata nel 1926, è una comunità scientifica multidisciplinare nella quale trovano posto campi di studio afferenti alle scienze politiche, alla filosofia politica, all’economia, alle scienze statistiche, alla scienze storiche in tutte le loro declinazioni e agli studi di area e delle relazioni internazionali, [&hellip;]</p>
